 base 11, what is -1618 - -4?
-1614
In base 15, what is -5 + 4e?
49
In base 9, what is 1457 + -5?
1452
In base 11, what is -37049 - 4?
-37052
In base 6, what is -4225 - 54?
-4323
In base 7, what is 2 - 41?
-36
In base 10, what is -10 + 19?
9
In base 11, what is -728 - 5?
-732
In base 14, what is 8 - -3?
b
In base 13, what is 1 - -23c?
240
In base 10, what is 26 - 10?
16
In base 15, what is 4 + 385?
389
In base 16, what is f + e?
1d
In base 16, what is 0 - 204?
-204
In base 10, what is -6 - -12?
6
In base 12, what is 57 - 3?
54
In base 12, what is -23b - -27?
-214
In base 15, what is 1 - c?
-b
In base 11, what is -4 + -520?
-524
In base 15, what is -155 - -3e?
-116
In base 5, what is 3 - 13431?
-13423
In base 10, what is 71 + -3?
68
In base 7, what is -3 - -101?
65
In base 12, what is -4 - 2?
-6
In base 11, what is -7 + 36?
2a
In base 14, what is -13a9 + 4?
-13a5
In base 2, what is 101 + 1001011?
1010000
In base 15, what is 3 - 9?
-6
In base 12, what is -10 + 86?
76
In base 9, what is -2 + -273?
-275
In base 12, what is 5 - -b?
14
In base 11, what is 127 + 1a?
146
In base 7, what is -64351 + 2?
-64346
In base 14, what is -1 + 26?
25
In base 2, what is 1010000110000 - -10?
1010000110010
In base 15, what is -52 - -a?
-47
In base 3, what is 120 + 2222?
10112
In base 13, what is -5 - -a8?
a3
In base 9, what is 106 + -11?
85
In base 7, what is -3 - -10133?
10130
In base 3, what is 211 + -1?
210
In base 11, what is -2 - -215?
213
In base 7, what is 40 + 14?
54
In base 5, what is -32 - -2230?
2143
In base 14, what is -9ac + 0?
-9ac
In base 10, what is 20 - -7?
27
In base 5, what is 30 + 213?
243
In base 8, what is -5 + 1400?
1373
In base 11, what is -1 - -3001?
3000
In base 12, what is 2 + 178?
17a
In base 8, what is -5 + -105?
-112
In base 13, what is 0 + 9?
9
In base 14, what is 98b + -11?
97a
In base 5, what is -1 + -114134?
-114140
In base 3, what is -20 - 121012?
-121102
In base 4, what is -123 - -1220?
1031
In base 4, what is -10 + 333?
323
In base 16, what is -4 - -1f7?
1f3
In base 2, what is -1101 - 1000?
-10101
In base 3, what is 12 - 202?
-120
In base 13, what is -15bc + 1?
-15bb
In base 14, what is -5 + 83?
7c
In base 16, what is 12e - -1?
12f
In base 11, what is -346 - -5?
-341
In base 5, what is -3 - -241?
233
In base 6, what is -145 - -10?
-135
In base 13, what is -745 + -2?
-747
In base 7, what is 20 - -133?
153
In base 9, what is 2 - 1815?
-1813
In base 8, what is 3 + -17?
-14
In base 5, what is 12 - 1022?
-1010
In base 12, what is 24 + -4?
20
In base 12, what is -1b4 + 5?
-1ab
In base 15, what is -1a6 + -5?
-1ab
In base 9, what is 7 + -153?
-145
In base 8, what is -2572 - -1?
-2571
In base 14, what is -45 + 1?
-44
In base 11, what is 916 + 0?
916
In base 16, what is -35c + 5?
-357
In base 7, what is -355 + 10?
-345
In base 14, what is -1d + -3?
-22
In base 7, what is -221 - -13?
-205
In base 13, what is 1 - -114?
115
In base 10, what is 18488 - -1?
18489
In base 15, what is 643 + -4?
63e
In base 7, what is 4 - -60?
64
In base 12, what is 0 - -b?
b
In base 15, what is -36 - -2?
-34
In base 12, what is -188 - -2?
-186
In base 14, what is -106 - -45?
-a1
In base 11, what is -1 + -681?
-682
In base 3, what is -101 + 202?
101
In base 8, what is 5 - 7151?
-7144
In base 16, what is 0 + c93?
c93
In base 5, what is 2144 + 0?
2144
In base 5, what is -1 - -211?
210
In base 13, what is 31 - 4?
2a
In base 15, what is be + 27?
e6
In base 14, what is -2ab9 - 5?
-2ac0
In base 7, what is 26 - -54?
113
In base 12, what is 7 + 929?
934
In base 11, what is 21 + -1?
20
In base 9, what is 5 + 4350?
4355
In base 13, what is -146 + -5?
-14b
In base 2, what is 101 - -111101?
1000010
In base 5, what is 34 - 441?
-402
In base 5, what is 10 + -40?
-30
In base 9, what is 133 + -2?
131
In base 6, what is 3 - -313?
320
In base 11, what is -5 - 256?
-260
In base 6, what is -14 + -1311?
-1325
In base 11, what is -18 - -222?
205
In base 4, what is -1011101 + -11?
-1011112
In base 8, what is -201 + -2?
-203
In base 11, what is 8 + 33?
40
In base 13, what is 0 + 1403?
1403
In base 12, what is -11a - 2?
-120
In base 5, what is -123 - -11?
-112
In base 4, what is -2 - -1020?
1012
In base 2, what is 111 + -1010?
-11
In base 16, what is -74 + -5?
-79
In base 7, what is 36 - -4?
43
In base 8, what is -3 - -102?
77
In base 4, what is -3222 + 11?
-3211
In base 9, what is -2800 - 4?
-2804
In base 8, what is -1 - -267?
266
In base 16, what is -1e + -a?
-28
In base 8, what is 762 + -3?
757
In base 9, what is -5317 - -2?
-5315
In base 5, what is 110 - 14?
41
In base 3, what is -10111020 - -2?
-10111011
In base 13, what is 4b - 1?
4a
In base 5, what is -4 - -10?
1
In base 10, what is -922 + 0?
-922
In base 10, what is -28969 - -1?
-28968
In base 13, what is -76 + 1?
-75
In base 7, what is 144 + 62?
236
In base 14, what is 5 + 62b?
632
In base 6, what is 522 - -2?
524
In base 12, what is -1 - 19?
-1a
In base 6, what is 140 + -13?
123
In base 12, what is -1 - 236?
-237
In base 14, what is 4 - 1d3d?
-1d39
In base 8, what is -1151 + -5?
-1156
In base 3, what is -2211122 + -1?
-2211200
In base 8, what is 3 - -301?
304
In base 3, what is -1 + 2200?
2122
In base 13, what is 91 - -6?
97
In base 16, what is 5 - 31?
-2c
In base 15, what is 12ae + 5?
12b4
In base 13, what is 1739 - 2?
1737
In base 13, what is -1a - 69?
-86
In base 16, what is -5 - -6f?
6a
In base 5, what is -13 + 3330?
3312
In base 11, what is 15 - -5?
1a
In base 5, what is -22 + -3423?
-4000
In base 4, what is 2 - 313?
-311
In base 6, what is -150 - 3?
-153
In base 4, what is -10 - 1231?
-1301
In base 8, what is -5 + -71?
-76
In base 11, what is -7 + -21?
-28
In base 11, what is -51a6 + 4?
-51a2
In base 16, what is 16ef - -1?
16f0
In base 7, what is -2153 - 3?
-2156
In base 7, what is -16 - 1?
-20
In base 13, what is -3 - -63b?
638
In base 9, what is -1 - -472?
471
In base 16, what is -43 - 5?
-48
In base 6, what is -10 + -22?
-32
In base 6, what is 4 + -414?
-410
In base 7, what is -3 - -3?
0
In base 11, what is 2 + -136?
-134
In base 4, what is -10100 + -230?
-10330
In base 14, what is 0 - -3d?
3d
In base 14, what is 0 + -533?
-533
In base 15, what is 200 + 56?
256
In base 9, what is 824 - 23?
801
In base 3, what is 2 - -2100000?
2100002
In base 15, what is a + -81?
-76
In base 15, what is -2 - da6?
-da8
In base 3, what is 2020121 + -22?
2020022
In base 15, what is b - 5?
6
In base 5, what is 34 + 12?
101
In base 11, what is -23 - -21?
-2
In base 15, what is -d + -d?
-1b
In base 7, what is 1235 - 6?
1226
In base 13, what is -92 - -76?
-19
In base 9, what is 80 + 0?
80
In base 13, what is -1 - -143?
142
In base 9, what is -7 + -418?
-426
In base 15, what is 51 - a?
46
In base 5, what is -10 - 33?
-43
In base 2, what is -1100111101 + 111?
-1100110110
In base 9, what is 5 - 1868?
-1863
In base 15, what is -10 - 3?
-13
In base 9, what is 45 + 102?
147
In base 2, what is 1100010101 + -11?
1100010010
In base 6, what is 2 + -104325?
-104323
In base 5, what is 3114 - -30?
3144
In base 11, what is 2 - -176?
178
In base 11, what is -12 - 4a?
-61
In base 9, what is -3 - -51?
47
In base 2, what is 1 - -10000101?
10000110
In base 2, what is 1100 + -10010100100?
-10010011000
In base 5, what is -3 - 1?
-4
In base 15, what is -3 + 20d?
20a
In base 3, what is 1 - -122021?
122022
In base 13, what is -28 - -21?
-7
In base 4, what is -11 + 300?
223
In base 7, what is -35 + 360?
322
In base 11, what is 0 - -2092?
2092
In base 2, what is -1001 + 11011?
10010
In base 11, what is -4 - 4?
-8
In base 14, what is -5 - -145?
140
In base 5, what is -313 + -2?
-320
In base 2, what is -110111010 + -100011?
-111011101
In base 3, what is -200220200 - -1?
-200220122
In base 4, what is -11 + -3?
-20
In base 11, what is 2 + -22a4?
-22a2
In base 16, what is -1b + -6?
-21
In base 12, what is -53 - -9?
-46
In base 3, what is 1201 - 10?
1121
In base 8, what is -1 - 75?
-76
In base 5, what is -1 + -103?
-104
In base 13, what is 1 + 51?
52
In base 16, what is -2 + 1317?
1315
In base 11, what is 0 + -34?
-34
In base 14, what is -5 + -139?
-140
In base 7, what is 2123 - 0?
2123
In base 12, what is -7 - 20?
-27
In base 14, what is -3465 + 2?
-3463
In base 10, what is -4 + 62?
58
In base 5, what is 0 + -32?
-32
In base 6, what is 13 - -23?
40
In base 9, what is -